t common factor of s and 15?
15
Suppose l - 5*w - 28 = 0, 6*l = 2*l + w + 17. Suppose 2*i - 35 = -l*i. Suppose -g = 9*g - 140. Calculate the greatest common divisor of g and i.
7
Suppose -2*p - 4*j + 55 = -1, 128 = 3*p - 5*j. Let m be 140/(-84)*p/(-10). What is the greatest common divisor of 30 and m?
6
Suppose 5*w - 83 = 3*z + 79, -5*z = 3*w - 70. Suppose 4*t - 11*t - 14 = 0. Let f be 1 + t - 217/(-7). Calculate the greatest common divisor of w and f.
30
Let t(r) be the third derivative of -r**6/120 - r**5/60 + r**4/24 + r**3/6 + 8*r**2. Let x be t(-4). Calculate the highest common factor of x and 9.
9
Let a(s) be the third derivative of 5/2*s**3 + 8*s**2 + 0*s + 1/12*s**4 + 0. Let n be a(15). Calculate the greatest common divisor of 9 and n.
9
Suppose 6*y - 4 = 3*y + 4*b, 4*y - 26 = -5*b. Calculate the highest common factor of 11 and y.
1
Suppose -300 = -c + 5*k, 0*c = c - 4*k - 300. Let m be c/(-18)*9/(-6). What is the highest common divisor of m and 200?
25
Let s be (-1096)/(-10) - (-14)/35. Let x = -70 + s. What is the highest common factor of x and 60?
20
Let f = 671 - 550. Calculate the highest common factor of 33 and f.
11
Let a(d) = 3*d + 3. Let y be a(-9). Let o be 8/(-2) - -7 - y. What is the highest common divisor of 9 and o?
9
Suppose -6*z + 144 - 84 = 0. What is the greatest common divisor of 190 and z?
10
Let d = 48 + -43. Let q be 2*3/15 + 248/d. What is the highest common factor of q and 150?
50
Let b be ((-6)/(-4) - 1)*6. Suppose -g - b*g = -40. Suppose 0 = 2*z - 12 - 8. What is the highest common divisor of g and z?
10
Let m be 1016/14 + (-52)/91. Calculate the highest common factor of 96 and m.
24
Let h(f) = -f**3 + 3*f**2 - 2*f - 12. Let r be h(-3). Calculate the greatest common factor of 744 and r.
24
Let l be (3363/(-118))/(1*3/(-2)). Calculate the highest common factor of l and 152.
19
Suppose -3*n = -54 + 6. What is the greatest common divisor of 6 and n?
2
Let c = 10 - 8. Let n be (-6)/45 - (c + (-242)/15). Calculate the highest common divisor of 70 and n.
14
Suppose w - 3*w = -10. Let h be (-13 - -15) + w + -1. Let d be (-4)/h - 112/(-24). What is the greatest common factor of d and 2?
2
Let u(f) = f + 51. Let t be u(-27). Suppose -6*v + 90 = -t. What is the highest common factor of 152 and v?
19
Suppose 327*z = 310*z + 578. What is the greatest common factor of z and 306?
34
Suppose -12*s + s + 1458 = -2*s. Let p(g) = -g**3 - g**2. Let x be p(-3). Calculate the highest common factor of x and s.
18
Let c = -12 - -8. Let r be (c + 4)*1/(-2). Suppose r = -f + 37 + 8. Calculate the highest common factor of f and 18.
9
Let h(a) = 43*a**2 - 6*a - 1. Let k be h(3). What is the greatest common divisor of 16 and k?
16
Let u = 45 + -40. Let v = u - -7. Calculate the highest common factor of 36 and v.
12
Suppose -8*n + 150 = -370. What is the highest common factor of n and 13?
13
Suppose 0 = 12*p - 11*p - 63. Let s be (-7)/(p/12)*27/(-1). Calculate the greatest common divisor of s and 84.
12
Let z be (-4 - (2 - 6)) + (44 - -5). Calculate the highest common divisor of 77 and z.
7
Let t be (-7 - -13) + (1 - (-92 - 0)). Calculate the greatest common divisor of t and 253.
11
Suppose 46*o = 7069 + 2131. Calculate the highest common factor of 8 and o.
8
Let t be (-21)/(21/(-2)) - (2 - 28). Calculate the highest common divisor of t and 1666.
14
Let w(j) = -j**3 - 3*j**2 + 8*j - 22. Let u be w(-8). Calculate the highest common divisor of 858 and u.
78
Let m be (8 - 16) + 8 + 143. Calculate the highest common factor of 33 and m.
11
Let h = 293 - 290. What is the greatest common factor of h and 15?
3
Suppose -87*a = -113*a + 286. Let t(c) = -2*c - 5. Let s be t(-8). Calculate the highest common factor of s and a.
11
Suppose -2*k + 201 + 169 = 0. Calculate the greatest common factor of k and 37.
37
Let h = 487 - 186. What is the greatest common divisor of h and 43?
43
Suppose 0 = 14*u - 12*u - 16. Let o = u - 10. Let x be (10/(-8))/(o/16). What is the greatest common divisor of x and 80?
10
Suppose 6*b + 20 = 218. Let t be b/(((-9)/(-14))/3). Calculate the greatest common divisor of 14 and t.
14
Let z be (2/3)/(1/12). Let n(h) = z*h - 3 - 10*h - 7*h. Let s be n(-12). Calculate the highest common divisor of 15 and s.
15
Let w(z) = 2*z**3 + 21*z**2 + 7*z - 6. Let o be w(-9). What is the greatest common factor of o and 406?
58
Suppose f - 5*p = 185, 5*p = -3*f + f + 295. Suppose -5*v - j = -f, 4*v - 3*j - j = 104. Calculate the greatest common divisor of 124 and v.
31
Let u(n) = n**3 + 17*n**2 + 20*n - 29. Let l be u(-11). Calculate the greatest common divisor of 53 and l.
53
Suppose 35 = 5*n - 1505. Suppose 0*g + 4*g = n. Let a = g - 32. Calculate the highest common factor of 5 and a.
5
Suppose 4*f - 16 = -l, -f + 0*l + 4 = -3*l. Suppose -p = 2*h - h - 20, -2*p = -f*h - 10. What is the greatest common factor of p and 15?
15
Suppose 9*o - 272 = 4*o - z, 168 = 3*o - z. Let q(j) = j + 20. Let g be q(-9). Calculate the highest common divisor of o and g.
11
Let u be 24/(-6)*3175/(-20). What is the greatest common divisor of 5 and u?
5
Let r(d) = 6*d. Let y be r(6). Let f(g) = -g**2 - 14*g + 19. Let b be f(-15). Suppose b*w - 10*w + 72 = 0. Calculate the greatest common factor of y and w.
12
Let x = 865 + -825. What is the highest common factor of x and 1?
1
Let a = 167 + -52. Let s(k) = 57*k**3 - 12*k**2 - 3*k + 4. Let j be s(1). What is the greatest common factor of a and j?
23
Let r be 6/4*894/9. Suppose r = 4*g - 163. Calculate the greatest common divisor of g and 26.
26
Suppose 0 = -3*y - 3*t - 6 - 6, 5*y - 2*t = 1. Let v be ((-10)/(-4))/(y/(-14)). What is the highest common factor of 140 and v?
35
Suppose -465 = 30*i - 1605. Let t = 5 - 1. Suppose -3*y = 2*q - 4*y - 189, 0 = -4*y + t. Calculate the highest common factor of q and i.
19
Let n = -2 - -2. Suppose 2*g + 2*r - 12 = n, -5*g + 8*r - 10 = 3*r. Suppose -m + 2*z = -22, -g*m - 3*z = -0 - 16. What is the highest common divisor of m and 7?
7
Let m = 93 - 27. Suppose -4*c = 5*f - 25, 20 = 4*f - c - 0. Suppose 0 = -f*g + 3*g + 12. Calculate the highest common divisor of m and g.
6
Suppose -6*n - 40 = -n. Let b = n + 26. Calculate the highest common divisor of 54 and b.
18
Let f be 64/3 - (-3)/(-9). Suppose 4*a - 341 = q, -5*a - 10*q + 415 = -9*q. What is the greatest common factor of a and f?
21
Suppose 0 = -5*o - 2*k + 83, -10*k = -2*o - 13*k + 31. Calculate the greatest common divisor of 544 and o.
17
Suppose 0 = 3*a - a + 6. Let t be 0 + a + (21 - 2). Calculate the highest common factor of 4 and t.
4
Let s be (-2)/(-3)*(-156)/(-8). Let m(z) = 2*z**2 - 8*z - 3. Suppose -3*w + 21 = -0. Let k be m(w). What is the greatest common divisor of s and k?
13
Let w(y) be the second derivative of y**5/20 + 7*y**4/12 - y**3/3 + 2*y**2 + 13*y. Let s be w(-6). What is the highest common factor of s and 13?
13
Let v = -83 - -94. Suppose -m - 2*m + 18 = 0. Suppose 3*s = 9 - m. What is the highest common factor of v and s?
1
Let l = -14 + 16. Suppose -7 = -l*i + 1. Suppose -2 + 12 = 5*n, 2*z - 3*n = 6. Calculate the highest common factor of z and i.
2
Suppose d = 4*v - 72, 5*d + 0*d = -5*v + 90. Calculate the greatest common divisor of 153 and v.
9
Let q be (6/(-21))/(68/357)*22/(-3). Suppose g - 18 - 15 = 0. Calculate the highest common factor of q and g.
11
Let s(l) = -6*l**2 + 0*l**3 + l**3 - 4*l**2 + 12 + 9*l. Let i = 9 + 0. Let h be s(i). What is the highest common divisor of 84 and h?
12
Let h = -12 + 15. Suppose 492 = -h*q + 1752. Suppose -160 = -2*r + 4*j, -4*j = -5*r + j + q. Calculate the highest common factor of r and 8.
8
Let d(m) = 17*m**2 + 4*m - 1. Let x be (-8 + 7)*(-6)/(-2). Let a be ((-6)/10)/(x/(-15)). Let g be d(a). What is the greatest common factor of g and 20?
20
Let l be (1 + -29)/(76/20 + -4). Let t = -130 + l. What is the greatest common divisor of t and 2?
2
Suppose -3*d - 4*q = -2*d + 17, 2*q + 16 = 2*d. Suppose -3*y = -5*z - 35, 75*y - 3*z - 54 = 71*y. Calculate the highest common factor of d and y.
3
Let o be 4*3/(-54) + (-83)/(-9). What is the greatest common factor of 279 and o?
9
Suppose 5*n - 3*u + 89 - 320 = 0, 3*n + 2*u - 150 = 0. Calculate the greatest common divisor of n and 64.
16
Let n be (6 - 18)*(0 - 11). Calculate the greatest common divisor of n and 30.
6